ate 3 + (4 - -2) - ((2 - 5) + -4).
16
What is (-3 - 21) + 23 + 19 + 0 + 0?
18
What is the value of 9 + 3 + -3 + -2 + -16 + 0?
-9
What is the value of 10 + 8 - -22 - 22?
18
Evaluate 11 - 1 - (-17 - -4 - (-16 + 3)).
10
Evaluate -4 + (1 - -1) + (-167 - -172).
3
Evaluate -28 + (9 - 5) + 25.
1
What is -2 - (-2 - (-26 - -3)) - (261 + -259)?
-25
Calculate -8 - ((6 - 2) + (15 - 16)).
-11
What is 13 - -3 - (17 - 10 - (3 - -3))?
15
Evaluate 2 + (-3 - (-7 - -11)) + 8 + 3.
6
2 + 6 - (-134 + 147)
-5
What is -51 + 61 + (-4 + -18 - 1)?
-13
Evaluate -1 + (-27 - -25 - (-2 + 8 - 3)).
-6
Evaluate -17 - (-11 + (-3 - -7) - -1).
-11
What is -83 + 68 + (-3 - -8) + -15?
-25
What is the value of (41 - 35) + (-31 - (-4 - -7))?
-28
37 + -5 + -15 - 1
16
What is -27 + 28 + (5 - (-3 + 4)) - 3?
2
Calculate -4 - (-7 + -4 + -7).
14
What is the value of (14 - (3 + -3)) + -2 + 30 + -20?
22
What is the value of -11 - (0 - (-2 - (-3 - 5)))?
-5
What is the value of 8 + -28 + 14 + -4 + 2?
-8
What is -2 + -24 - -68 - 16?
26
Calculate -1 + (9 - (19 - 6)) - (-1 + -4).
0
Calculate (3 - 6) + -3 - -6 - (5 + 5).
-10
What is (2 - -3 - -3) + -19 + 26?
15
Evaluate -39 + 77 + -28 - (10 - 1) - -19.
20
Calculate (-17 - -15) + 23 - 8.
13
Calculate 31 - 53 - (-13 - -5).
-14
-15 - (1 + 21 + -43)
6
What is 3 - -1 - (8 + (1 - (16 + -7)))?
4
Calculate 13 + -6 - 7 - -21.
21
18 + (-13 + 1 - (-201 - -194))
13
(2 - 18) + 494 + -500
-22
What is the value of 19 + (20 - 26) + 1 + -11?
3
(-23 - -42) + -15 + (10 - 1) + 0
13
What is the value of (5 - -4) + -18 - -3 - -20?
14
-7 - -1 - (-8 - 6) - (0 + -2)
10
Evaluate 15 - (-6 + -20 + 18).
23
What is the value of -4 + (-11 + 5 - (4 - (14 - -3)))?
3
Calculate 31 + 1 - (104 + -97).
25
Evaluate 7 + (3 - -1) + (104 - 108).
7
Calculate -31 + 46 - (1 - -3).
11
Calculate 1 + (36 - 16) + -5.
16
Calculate (1 - 1) + (96 - 112).
-16
-11 - (-6 - (3 - (-6 + 7) - 3))
-6
What is (4 - -1 - -1) + -143 + 156 + -45?
-26
Evaluate 8 + -14 + 5 - 5 - (2 - -5).
-13
Calculate 38 + -24 + (-35 - -9).
-12
What is 9 + 12 + -15 + (-6 - (0 + -6))?
6
7 - (26 + -14) - -2
-3
Evaluate -2 - -11 - ((-9 - 28) + 65).
-19
What is the value of 1 + -8 + 4 + 18?
15
What is -8 - (-16 - -10 - -16 - 15)?
-3
Evaluate -12 + 12 + 13 + -3 + -21 + 2.
-9
What is 1 - -14 - (70 - 64)?
9
5 + (-17 - -9 - -9) + (4 - 4)
6
5 + 15 + -12 + (1 - 10) + 23
22
Calculate (7 - 1) + -491 + 498.
13
Evaluate 11 - 7 - ((-7 - -13 - 7) + 0).
5
-6 - (8 + 16 - 5) - -10
-15
Calculate 11 + 0 + (-67 - -82).
26
What is -6 - (3 + -2 + 1 + -16 + 14)?
-6
What is the value of (1 - 0 - -13) + (-17 - (-27 - -8))?
16
Calculate 15 + 4 + -10 + -16 - (11 + -4).
-14
What is the value of (-4 - -27) + -7 - ((8 - 4) + 4)?
8
What is the value of 6 - ((3 - 14 - -22) + 0 + -5)?
0
What is the value of -1 - 3 - (0 - -1)?
-5
Evaluate 7 - (-16 + 6 - -5 - -3).
9
What is -12 + 34 + (-22 - -12)?
12
What is the value of (-1 - -10) + -1 + (2 - 13)?
-3
Calculate -2 - 13 - (-8 + 5).
-12
What is -43 + 10 + (39 - 21)?
-15
Evaluate -6 - 3 - (12 + -21 + -19).
19
What is -9 - (2 + 1 + 8 - (19 + -17))?
-18
Evaluate (91 - 102 - (0 + 0)) + 11.
0
-1 + -3 + 10 + -11 + 30 + -12
13
Calculate -26 + (5 - 18) + 24.
-15
Evaluate (-4 - 15 - -6) + 4 - -12.
3
30 + -90 - (-56 - -16)
-20
Calculate 2 - -36 - (737 - 726).
27
34 - -3 - 15 - 18 - -13
17
Calculate -1 + (-2 + -2 - 2) + (-1 - -10).
2
What is 8 + -5 + 6 + (-11 - -11) + -18?
-9
Evaluate (-22 - -35) + -1 + -3.
9
-7 - (7 - ((-1 - 4) + 34) - -3)
12
Calculate 34 - (77 - (39 + -19)).
-23
What is the value of -92 + 98 + (10 - 0)?
16
Calculate 2 - -15 - 15 - 16.
-14
Evaluate -35 + (33 - 18) - -29 - (-1 + 0).
10
(-75 - -77) + (9 + 1 - -1)
13
Evaluate -1 - 12 - (-10 - ((6 - 2) + -9)).
-8
Calculate (-11 - (45 - 9) - -11) + 14.
-22
Calculate -19 - ((26 - 11) + -25).
-9
Evaluate 7 + -27 + 20 - -10.
10
Calculate (-6 - 13) + 1 + 12.
-6
Evaluate 28 + (-3 - 27 - -16).
14
Calculate 9 - (1 + 7 + -2 - -2).
1
Evaluate (0 + 1 - (-16 - -14)) + -8 + 22.
17
Evaluate -12 - (7 - -7) - -21.
-5
What is -7 + 14 - -3 - 2 - 6 - -4?
6
What is the value of -1 - 7 - (18 - (-23 - -50))?
1
Evaluate 150 + -155 + (-3 + 22 - 0).
14
Calculate 22 + -2 + (-36 - -27).
11
What is the value of -6 - 6 - (4 - 7)?
-9
What is -11 - -1 - (-28 + 2 + 15)?
1
Evaluate -9 + -1 + -5 + 4 - -2.
-9
Calculate -3 + (-61 - -32 - -37).
5
Evaluate -49 - ((-5 - 42) + 28).
-30
What is the value of -9 + 2 + 1 + -4 - (172 - 177)?
-5
Calculate (-6 + -2 + 2 + 0 - 2) + 1.
-7
Calculate 12 + 9 + (-20 - -8).
9
What is the value of (2 - 19 - 2) + -701 + 760?
40
What is the value of -8 + (10 - -4) - 23?
-17
Calculate (-14 - -4 - 5) + 1.
-14
Evaluate 17 + 18 + -11 - 9.
15
What is -4 + ((-5 - (7 - 8)) + 7 - -12)?
11
Evaluate 6 + (1 - 44 - -29) - (-1 + -1).
-6
What is the value of -4 + 1 + 5 + 1 + -9?
-6
What is the value of 21 - (-1 - (-7 + 0) - (16 + -16))?
15
-1 + (17 + -12 + -8 - (4 - 0))
-8
16 + -18 + 16 - (36 + 8)
-30
What is the value of (1 - -4 - -8) + (-21 - (-14 + -6))?
12
60 + -75 - (2 + 0)
-17
What is the value of 1 + -8 - (5 - (2 + 26 - 2))?
14
What is the value of 4 + 1 + -1 - ((-139 - -58) + 109)?
-24
What is -5 - 0 - ((26 - 16) + 10 + 6)?
-31
-6 - (4 + (0 - 19) + 8) - -13
14
Calculate (33 - 53) + 29 + 0.
9
Evaluate (-10 - 5) + 30 + -24 + 1.
-8
What is -14 - (0 + -3 - 1 - (11 - 15))?
-14
Evaluate (-12 - -6) + (-4 - -1) + -2 + 1.
-10
Evaluate 1155 + -1157 - (-1 + 1 - 4).
2
What is 12 + -7 + (1 - 11 - -14)?
9
What is the value of 29 + -1 + (139 - 155)?
12
Calculate (-7 - -18) + -26 + 8 - 7.
-14
What is 0 + 37 + -13 + -46?
-22
What is -6 + -2 - (-20 + (38 - 7))?
-19
Calculate 2 + -11 + 9 + -2 + 5.
3
(2 - 28) + (25 - (-28 - -57))
-30
Evaluate 42 + -29 + (-26 - -38).
25
3 - 11 - (-1 + -4)
-3
What is -18 + 7 + 0 + 8 - 10?
-13
What is 17 + -1 + -23 - (-4 + -2)?
-1
Evaluate -2 - (-2 - (-24 - -9) - -6).
-21
Evaluate (-7 - ((1 - 2) + -14 + 3)) + -2.
3
Calculate -9 + (-13 - -22) + -8.
-8
6 + -56 + 55 + 0 + -5
0
What is the value of -8 + (-20 - (-29 + 9))?
-8
What is (-2 - -18 - 39) + (-1 - (-1 + -2))?
-21
What is -1 + -1 + 1 + -1 + (-6591 - -6589)?
-4
Evaluate -2 - (3 - ((24 - 12) + -9)).
-2
What is the value of -2 + 7 + (-7 + 4 - -3 - -3)?
8
-7 + 23 - 12 - (15 + 0)
-11
Calculate 10 + (2 + 0 - (43 + -38)) - 10.
-3
What is 4 + -15 + -6 + 7 + 0?
-10
(1 - (-2 + 0)) + 48 + (10 - 90)
-29
Evaluate (-750 - -744) + (36 - 0).
30
Calculate -6 - (19 + -5) - -27.
7
-16 + -3 + 4 + 1 + 3 + -11
-22
Evaluate -4 - 1 - -22 - 7.
10
(27 - (3 - 2)) + -9 - 5
12
Evaluate -3 + 14 + 5 + -12 - -2.
6
(34 - -4) + -23 + (3 - 2)
16
What is the value of (3 - 0) + (4 - (8 + 3))?
-4
Evaluate (-1 - -5) + (36 - 45 - 2).
-7
Evaluate 27 + -5 + 9 + 1.
32
What is (32 - 21) + -4 + 33?
40
What is -3 + -2 + -7 + -6 + 34 + -3?
13
What is the value of 13 - (16 + -16) - 7?
6
What is -18 + (7 - 12) + 16?
-7
What is 55 + -78 - (-16 + 11)?
-18
Calculate 21 + (-69 - -30) + 22.
4
23 - 13 - ((7 - 5) + 3 + -1)
6
What is -26 + 17 + -28 + 34?
-3
Calculate 31 + (-25 - -51) + -31.
26
What is the value of (20 - -2) + 54 + -39 + -4?
33
What is the value of (5 - 9) + 4 + -6 - (8 + -4)?
-10
15 - 2 - ((9 - 3) + (-2 - 2))
11
What is 1249 - 1185 - (-1 + 29)?
36
What is the value of -191 + 184 + -14 + -1?
-22
What is -9 + 0 + 2 + -4?
-11
What is 10 - (27 + -12 - 3)?
-2
What is the value of 7 - (14 + -20) - 7?
6
Evaluate -18 - (4 + -19) - (-6 + 26).
-23
Evaluate (17 - (-17 + (-13 - -74))) + 16.
-11
(-1 - (-7 - -24 - 8)) + (-4 - -2)
-12
-32 + 65 + -5 + (-2 - -3) + -1
28
Evaluate 19 - (15 - 14 - -39).
-21
What is the value of (1 + 0 + 2 - 29) + (-291 - -292)?
-25
15 + 10 + (-7 - (15 + -11))
14
Calculate -8 - (14 + -8) - (-1 + -3).
-10
Calculate 0 - (-1 + -7) - (9 + 19 + -24).
4
1 - (3 + -1 - -7)
-8
What is the value of 2590 + -2584 - ((0 - -3) + 0 + -1)?
4
What is -14 + 3 - -26 - 15?
0
-4 - (9 - 11) - -11 - 22
-13
-47 - (37 + -62 - 0)
-22
What is the value of 0 - (3 + (-12 + 5 - (1 + -5)))?
0
(7 - (11 - 7)) + 3 + (6 - 1)
11
What is -6 - (6 - (-9 + 13) - 1)?
-7
Evaluate (6 - -2) + (-343 - -348) + -25 + 1.
-11
Calculate 9 - (-17 - -1 - (15 + -7 + -16)).
17
Evaluate -10 - (-56 + 5 + 19).
22
What is the value of -65 + 57 + 3 + -5 + 0?
-10
Calculate 26 + (-36 - (25 + -22)).
-13
What is the value of 4 + 0 + 2 + -8 + 16?
14
Evaluate -30 + 0 - (158 + -175).
-13
Calculate 